{"id":803,"date":"2025-01-21T14:15:18","date_gmt":"2025-01-21T14:15:18","guid":{"rendered":"https:\/\/www.zsonglor.hu\/galeria"},"modified":"2025-01-21T14:15:18","modified_gmt":"2025-01-21T14:15:18","slug":"galeria","status":"publish","type":"page","link":"https:\/\/mokus.zsonglor.hu\/index.php\/galeria\/","title":{"rendered":"Gal\u00e9ria"},"content":{"rendered":"\n<h2 class=\"wp-block-heading\">gal\u00e9ria<\/h2>\n\n\n\n<figure class=\"wp-block-gallery columns-3 is-cropped wp-block-gallery-1 is-layout-flex wp-block-gallery-is-layout-flex\"><ul class=\"blocks-gallery-grid\"><li class=\"blocks-gallery-item\"><figure><img decoding=\"async\" class=\"wp-image-18\" data-id=\"18\" alt=\"\" src=\"https:\/\/inspiral89.wordpress.com\/wp-content\/uploads\/2025\/01\/743e1-5a41de_d9b10c93137340aba66bf371b52dfb65mv2_d_2048_1365_s_2.jpg\"><figcaption class=\"blocks-gallery-item__caption\">A Magyar Zsongl\u0151r Egyes\u00fclet k\u00f6sz\u00f6nt a gal\u00e9ri\u00e1j\u00e1ban!<\/figcaption><\/figure><\/li><li class=\"blocks-gallery-item\"><figure><img decoding=\"async\" class=\"wp-image-19\" data-id=\"19\" alt=\"\" src=\"https:\/\/inspiral89.wordpress.com\/wp-content\/uploads\/2025\/01\/20fb7-5a41de_b9decb3d5a71486bbed1b5943438495fmv2_d_2048_1365_s_2.jpg\"><figcaption class=\"blocks-gallery-item__caption\">..a megval\u00f3sult \u00e1lom\nA dream came true!<\/figcaption><\/figure><\/li><li class=\"blocks-gallery-item\"><figure><img decoding=\"async\" class=\"wp-image-20\" data-id=\"20\" alt=\"\" src=\"https:\/\/inspiral89.wordpress.com\/wp-content\/uploads\/2025\/01\/21cd3-5a41de_f8a801258528446cac4ff6f215b25ba1mv2_d_2048_1365_s_2.jpg\"><\/figure><\/li><li class=\"blocks-gallery-item\"><figure><img decoding=\"async\" class=\"wp-image-21\" data-id=\"21\" alt=\"\" src=\"https:\/\/inspiral89.wordpress.com\/wp-content\/uploads\/2025\/01\/a2b41-5a41de_9b26b5cfd6b2428c8e6c25e1856ea459mv2_d_2000_1335_s_2.jpg\"><figcaption class=\"blocks-gallery-item__caption\">Mindenkit szeretettel v\u00e1runk!\nWe&#8217;re welcome everyone!<\/figcaption><\/figure><\/li><li class=\"blocks-gallery-item\"><figure><img decoding=\"async\" class=\"wp-image-22\" data-id=\"22\" alt=\"\" src=\"https:\/\/inspiral89.wordpress.com\/wp-content\/uploads\/2025\/01\/8f365-5a41de_2291b367f3544592be25b46512ac12a2mv2_d_2000_1335_s_2.jpg\"><figcaption class=\"blocks-gallery-item__caption\">Legfontosabb k\u00f6z\u00f6ss\u00e9g\u00e9p\u00edt\u0151, \u00fcgyess\u00e9g- \u00e9s koncentr\u00e1ci\u00f3fejleszt\u0151 gyakorlat gyermekeknek: a j\u00e1t\u00e9k.<\/figcaption><\/figure><\/li><li class=\"blocks-gallery-item\"><figure><img decoding=\"async\" class=\"wp-image-23\" data-id=\"23\" alt=\"\" src=\"https:\/\/inspiral89.wordpress.com\/wp-content\/uploads\/2025\/01\/48e52-5a41de_46ea8edace5d4345bac26d4ae1379c0cmv2_d_2000_1335_s_2.jpg\"><figcaption class=\"blocks-gallery-item__caption\">Ny\u00edlt napjainkon rengeteg \u00faj dologban pr\u00f3b\u00e1lhatod ki magad!\nOn our Open Days you can try yourself with lots of juggling tools!<\/figcaption><\/figure><\/li><li class=\"blocks-gallery-item\"><figure><img decoding=\"async\" class=\"wp-image-24\" data-id=\"24\" alt=\"\" src=\"https:\/\/inspiral89.wordpress.com\/wp-content\/uploads\/2025\/01\/24d8e-5a41de_5ddbb9db455b48f0acc718a97fce0543mv2_d_2000_1335_s_2.jpg\"><figcaption class=\"blocks-gallery-item__caption\">J\u00f3 kezd\u00e9s!\nGood beginning!<\/figcaption><\/figure><\/li><li class=\"blocks-gallery-item\"><figure><img decoding=\"async\" class=\"wp-image-25\" data-id=\"25\" alt=\"\" src=\"https:\/\/inspiral89.wordpress.com\/wp-content\/uploads\/2025\/01\/97cf7-5a41de_d03cad223890450ba7477e1d85edc84emv2_d_2000_1335_s_2.jpg\"><figcaption class=\"blocks-gallery-item__caption\">Social circus training<\/figcaption><\/figure><\/li><li class=\"blocks-gallery-item\"><figure><img decoding=\"async\" class=\"wp-image-26\" data-id=\"26\" alt=\"\" src=\"https:\/\/inspiral89.wordpress.com\/wp-content\/uploads\/2025\/01\/ed9f4-5a41de_94cc0c9331024ed499d201157a495628mv2_d_2048_1365_s_2.jpg\"><figcaption class=\"blocks-gallery-item__caption\">Sok gyakorl\u00e1ssal innen&#8230; \/\nWith lots of practice, you can get from here&#8230;<\/figcaption><\/figure><\/li><li class=\"blocks-gallery-item\"><figure><img decoding=\"async\" class=\"wp-image-27\" data-id=\"27\" alt=\"\" src=\"https:\/\/inspiral89.wordpress.com\/wp-content\/uploads\/2025\/01\/c4e87-5a41de_e2c41342c72f4eafa8cad8a06d89cd4fmv2.jpg\"><figcaption class=\"blocks-gallery-item__caption\">&#8230;eddig is lehet jutni!\n\/&#8230; to this point!\nVil\u00e1gbajnok yoyo mester, amint az Inspir\u00e1l Cirkuszk\u00f6zpont Openstag\u00e9n megmutatja leg\u00fajabb tr\u00fckkj\u00e9t.<\/figcaption><\/figure><\/li><li class=\"blocks-gallery-item\"><figure><img decoding=\"async\" class=\"wp-image-28\" data-id=\"28\" alt=\"\" src=\"https:\/\/inspiral89.wordpress.com\/wp-content\/uploads\/2025\/01\/40515-5a41de_9f504b8bad454d239e9e45fcc0766a96mv2.jpg\"><\/figure><\/li><li class=\"blocks-gallery-item\"><figure><img decoding=\"async\" class=\"wp-image-29\" data-id=\"29\" alt=\"\" src=\"https:\/\/inspiral89.wordpress.com\/wp-content\/uploads\/2025\/01\/6296f-5a41de_c68db036c0444efdace4135d5d135de7mv2_d_2048_1367_s_2.jpg\"><\/figure><\/li><li class=\"blocks-gallery-item\"><figure><img decoding=\"async\" class=\"wp-image-30\" data-id=\"30\" alt=\"\" src=\"https:\/\/inspiral89.wordpress.com\/wp-content\/uploads\/2025\/01\/4880a-5a41de_335d8dd497c34639b80c9a1d24a59ccbmv2_d_2048_1365_s_2.jpg\"><\/figure><\/li><li class=\"blocks-gallery-item\"><figure><img decoding=\"async\" class=\"wp-image-31\" data-id=\"31\" alt=\"\" src=\"https:\/\/inspiral89.wordpress.com\/wp-content\/uploads\/2025\/01\/9325e-608210_f7d3a48936964fc28bbbb9eddddca38bmv2.jpg\"><\/figure><\/li><li class=\"blocks-gallery-item\"><figure><img decoding=\"async\" class=\"wp-image-32\" data-id=\"32\" alt=\"\" src=\"https:\/\/inspiral89.wordpress.com\/wp-content\/uploads\/2025\/01\/15891-608210_d6de531c96144ee4adc99b0be4e3b872mv2.png\"><\/figure><\/li><li class=\"blocks-gallery-item\"><figure><img decoding=\"async\" class=\"wp-image-33\" data-id=\"33\" alt=\"\" src=\"https:\/\/inspiral89.wordpress.com\/wp-content\/uploads\/2025\/01\/57d25-608210_3e04a6aa19aa487b995936e42e8bdbf8mv2.jpg\"><\/figure><\/li><li class=\"blocks-gallery-item\"><figure><img decoding=\"async\" class=\"wp-image-34\" data-id=\"34\" alt=\"\" src=\"https:\/\/inspiral89.wordpress.com\/wp-content\/uploads\/2025\/01\/be5b4-5a41de_622bd26cfd044844b301c814b3a6629fmv2_d_2000_1335_s_2.jpg\"><figcaption class=\"blocks-gallery-item__caption\">Try this trick, and spin it!<\/figcaption><\/figure><\/li><li class=\"blocks-gallery-item\"><figure><img decoding=\"async\" class=\"wp-image-35\" data-id=\"35\" alt=\"\" src=\"https:\/\/inspiral89.wordpress.com\/wp-content\/uploads\/2025\/01\/9eb70-5a41de_d009cedb3340448f93b0befbe02333dbmv2_d_2000_1335_s_2.jpg\"><figcaption class=\"blocks-gallery-item__caption\">Aerial acrobatics for kids<\/figcaption><\/figure><\/li><li class=\"blocks-gallery-item\"><figure><img decoding=\"async\" class=\"wp-image-36\" data-id=\"36\" alt=\"\" src=\"https:\/\/inspiral89.wordpress.com\/wp-content\/uploads\/2025\/01\/9b86a-5a41de_bd1e949d822d4b70974f498754a88d68mv2_d_1827_2737_s_2.jpg\"><\/figure><\/li><li class=\"blocks-gallery-item\"><figure><img decoding=\"async\" class=\"wp-image-37\" data-id=\"37\" alt=\"\" src=\"https:\/\/inspiral89.wordpress.com\/wp-content\/uploads\/2025\/01\/c81fc-608210_357425bc820c414a9d389556cf123c90mv2_d_2048_1365_s_2.jpg\"><\/figure><\/li><li class=\"blocks-gallery-item\"><figure><img decoding=\"async\" class=\"wp-image-38\" data-id=\"38\" alt=\"\" src=\"https:\/\/inspiral89.wordpress.com\/wp-content\/uploads\/2025\/01\/96af4-5a41de_4a954499bb54493bb399240f0b067907mv2.jpg\"><\/figure><\/li><li class=\"blocks-gallery-item\"><figure><img decoding=\"async\" class=\"wp-image-39\" data-id=\"39\" alt=\"\" src=\"https:\/\/inspiral89.wordpress.com\/wp-content\/uploads\/2025\/01\/a0f15-608210_b237998919644f658942a86d95568262mv2_d_3216_2280_s_2.jpg\"><\/figure><\/li><li class=\"blocks-gallery-item\"><figure><img decoding=\"async\" class=\"wp-image-105\" data-id=\"105\" alt=\"\" src=\"https:\/\/inspiral89.wordpress.com\/wp-content\/uploads\/2025\/01\/b8c81-5a41de_0d6c760de4b143df8eea1cd15993cb97mv2.jpg\"><figcaption class=\"blocks-gallery-item__caption\">\u00c9s partnerakrobatika (kor)hat\u00e1rok n\u00e9lk\u00fcl, azaz akrofabatk\u00e1k bemutat\u00f3 \u00f3ra!<\/figcaption><\/figure><\/li><li class=\"blocks-gallery-item\"><figure><img decoding=\"async\" class=\"wp-image-106\" data-id=\"106\" alt=\"\" src=\"https:\/\/inspiral89.wordpress.com\/wp-content\/uploads\/2025\/01\/28c94-5a41de_d4c9fcf927884f77ba1a6c4c0b7b12d8mv2_d_1365_2048_s_2.jpg\"><\/figure><\/li><li class=\"blocks-gallery-item\"><figure><img decoding=\"async\" class=\"wp-image-107\" data-id=\"107\" alt=\"\" src=\"https:\/\/inspiral89.wordpress.com\/wp-content\/uploads\/2025\/01\/2f591-5a41de_96d837bf622049f3b68ceb5fc24706abmv2_d_2000_1335_s_2.jpg\"><\/figure><\/li><li class=\"blocks-gallery-item\"><figure><img decoding=\"async\" class=\"wp-image-108\" data-id=\"108\" alt=\"\" src=\"https:\/\/inspiral89.wordpress.com\/wp-content\/uploads\/2025\/01\/19107-5a41de_1c18d80205e34c50b71a1622c2a14030mv2_d_2000_1335_s_2.jpg\"><\/figure><\/li><li class=\"blocks-gallery-item\"><figure><img decoding=\"async\" class=\"wp-image-109\" data-id=\"109\" alt=\"\" src=\"https:\/\/inspiral89.wordpress.com\/wp-content\/uploads\/2025\/01\/8ffa1-5a41de_aad7a7a5ac314dc193af1ea7376e0c33mv2.jpg\"><\/figure><\/li><li class=\"blocks-gallery-item\"><figure><img decoding=\"async\" class=\"wp-image-110\" data-id=\"110\" alt=\"\" src=\"https:\/\/inspiral89.wordpress.com\/wp-content\/uploads\/2025\/01\/b1bd4-cfa170_381145db2fee48e7a82733b010a980b1mv2.jpg\"><\/figure><\/li><li class=\"blocks-gallery-item\"><figure><img decoding=\"async\" class=\"wp-image-111\" data-id=\"111\" alt=\"\" src=\"https:\/\/inspiral89.wordpress.com\/wp-content\/uploads\/2025\/01\/31d36-608210_9dbb59fc419146e7a4da560085c7971cmv2.jpg\"><\/figure><\/li><li class=\"blocks-gallery-item\"><figure><img decoding=\"async\" class=\"wp-image-112\" data-id=\"112\" alt=\"\" src=\"https:\/\/inspiral89.wordpress.com\/wp-content\/uploads\/2025\/01\/dbd3b-608210_f18cd7cb11fc4706b411eff5fdedd2aamv2.jpg\"><figcaption class=\"blocks-gallery-item__caption\">Social circus training<\/figcaption><\/figure><\/li><li class=\"blocks-gallery-item\"><figure><img decoding=\"async\" class=\"wp-image-113\" data-id=\"113\" alt=\"\" src=\"https:\/\/inspiral89.wordpress.com\/wp-content\/uploads\/2025\/01\/07184-608210_bafa234653e641d4a89b41770bdac33fmv2.jpg\"><\/figure><\/li><li class=\"blocks-gallery-item\"><figure><img decoding=\"async\" class=\"wp-image-114\" data-id=\"114\" alt=\"\" src=\"https:\/\/inspiral89.wordpress.com\/wp-content\/uploads\/2025\/01\/af825-608210_d74d6358ea0f403e9508f4e0709c3f47mv2.jpg\"><\/figure><\/li><li class=\"blocks-gallery-item\"><figure><img decoding=\"async\" class=\"wp-image-115\" data-id=\"115\" alt=\"\" src=\"https:\/\/inspiral89.wordpress.com\/wp-content\/uploads\/2025\/01\/d86fa-608210_d82d61ba188c425d97b41d1db2338652mv2.png\"><\/figure><\/li><li class=\"blocks-gallery-item\"><figure><img decoding=\"async\" class=\"wp-image-116\" data-id=\"116\" alt=\"\" src=\"https:\/\/inspiral89.wordpress.com\/wp-content\/uploads\/2025\/01\/15206-608210_994f586d1b534012a192e40ab6b51272mv2.jpg\"><\/figure><\/li><li class=\"blocks-gallery-item\"><figure><img decoding=\"async\" class=\"wp-image-117\" data-id=\"117\" alt=\"\" src=\"https:\/\/inspiral89.wordpress.com\/wp-content\/uploads\/2025\/01\/7bdd2-608210_c5e516ced8234bb3929878f3f8005c80mv2_d_5184_3456_s_4_2.jpg\"><\/figure><\/li><li class=\"blocks-gallery-item\"><figure><img decoding=\"async\" class=\"wp-image-118\" data-id=\"118\" alt=\"\" src=\"https:\/\/inspiral89.wordpress.com\/wp-content\/uploads\/2025\/01\/49ba1-5a41de_444e3915f0544e80bf64732b96eecfcdmv2.jpg\"><figcaption class=\"blocks-gallery-item__caption\">Khaj Zhas Cirkusz<\/figcaption><\/figure><\/li><li class=\"blocks-gallery-item\"><figure><img decoding=\"async\" class=\"wp-image-119\" data-id=\"119\" alt=\"\" src=\"https:\/\/inspiral89.wordpress.com\/wp-content\/uploads\/2025\/01\/f63f3-5a41de_b9627b170c4e4623a462c4b5731078e1mv2.jpg\"><\/figure><\/li><li class=\"blocks-gallery-item\"><figure><img decoding=\"async\" class=\"wp-image-120\" data-id=\"120\" alt=\"\" src=\"https:\/\/inspiral89.wordpress.com\/wp-content\/uploads\/2025\/01\/0c29c-5a41de_313b3d937f3c40dba8318c4556fd8025mv2.jpg\"><\/figure><\/li><li class=\"blocks-gallery-item\"><figure><img decoding=\"async\" class=\"wp-image-121\" data-id=\"121\" alt=\"\" src=\"https:\/\/inspiral89.wordpress.com\/wp-content\/uploads\/2025\/01\/9a4de-5a41de_2b057304f8294de8904e416b3f42d726mv2_d_1335_2000_s_2.jpg\"><figcaption class=\"blocks-gallery-item__caption\">Nem lehet el\u00e9g kor\u00e1n elkezdeni!<\/figcaption><\/figure><\/li><\/ul><\/figure>\n","protected":false},"excerpt":{"rendered":"<p>gal\u00e9ria<\/p>\n","protected":false},"author":1,"featured_media":0,"parent":0,"menu_order":0,"comment_status":"closed","ping_status":"closed","template":"","meta":{"footnotes":""},"class_list":["post-803","page","type-page","status-publish","hentry"],"_links":{"self":[{"href":"https:\/\/mokus.zsonglor.hu\/index.php\/wp-json\/wp\/v2\/pages\/803","targetHints":{"allow":["GET"]}}],"collection":[{"href":"https:\/\/mokus.zsonglor.hu\/index.php\/wp-json\/wp\/v2\/pages"}],"about":[{"href":"https:\/\/mokus.zsonglor.hu\/index.php\/wp-json\/wp\/v2\/types\/page"}],"author":[{"embeddable":true,"href":"https:\/\/mokus.zsonglor.hu\/index.php\/wp-json\/wp\/v2\/users\/1"}],"replies":[{"embeddable":true,"href":"https:\/\/mokus.zsonglor.hu\/index.php\/wp-json\/wp\/v2\/comments?post=803"}],"version-history":[{"count":0,"href":"https:\/\/mokus.zsonglor.hu\/index.php\/wp-json\/wp\/v2\/pages\/803\/revisions"}],"wp:attachment":[{"href":"https:\/\/mokus.zsonglor.hu\/index.php\/wp-json\/wp\/v2\/media?parent=803"}],"curies":[{"name":"wp","href":"https:\/\/api.w.org\/{rel}","templated":true}]}}