{"id":553,"date":"2025-01-21T14:15:18","date_gmt":"2025-01-21T14:15:18","guid":{"rendered":"https:\/\/www.zsonglor.hu\/kepzesek"},"modified":"2025-01-21T14:15:18","modified_gmt":"2025-01-21T14:15:18","slug":"kepzesek","status":"publish","type":"page","link":"https:\/\/mokus.zsonglor.hu\/index.php\/kepzesek\/","title":{"rendered":"K\u00e9pz\u00e9sek"},"content":{"rendered":"\n<h1 class=\"wp-block-heading\">K\u00e9pz\u00e9sek<\/h1>\n\n\n\n<figure class=\"wp-block-image is-resized\"><img loading=\"lazy\" decoding=\"async\" height=\"640\" width=\"960\" alt=\"jointstaff (4)_edited.jpg\" src=\"https:\/\/inspiral89.wordpress.com\/wp-content\/uploads\/2025\/01\/07184-608210_bafa234653e641d4a89b41770bdac33fmv2.jpg\"><\/figure>\n\n\n\n<div class=\"wp-block-group is-layout-flow wp-block-group-is-layout-flow\">\n<p>Ter\u00e9pi\u00e1s cirkuszpedag\u00f3gia k\u00e9pz\u00e9s<\/p>\n\n\n\n<p>A fejleszt\u00e9sben \u00e9s gy\u00f3gypedag\u00f3gi\u00e1ban alkalmazhat\u00f3 k\u00f6nny\u00edtett, adapt\u00e1lt zsongl\u0151r eszk\u00f6z\u00f6k haszn\u00e1lat\u00e1nak alapszint\u0171 elsaj\u00e1t\u00edt\u00e1sa, az ezzel foglalkoz\u00f3 m\u00f3dszertan megismer\u00e9se<\/p>\n\n\n\nThin%20Arrow\n    \n        \n    \n\n<\/div>\n","protected":false},"excerpt":{"rendered":"<p>K\u00e9pz\u00e9sek Ter\u00e9pi\u00e1s cirkuszpedag\u00f3gia k\u00e9pz\u00e9s A fejleszt\u00e9sben \u00e9s gy\u00f3gypedag\u00f3gi\u00e1ban alkalmazhat\u00f3 k\u00f6nny\u00edtett, adapt\u00e1lt zsongl\u0151r eszk\u00f6z\u00f6k haszn\u00e1lat\u00e1nak alapszint\u0171 elsaj\u00e1t\u00edt\u00e1sa, az ezzel foglalkoz\u00f3 m\u00f3dszertan megismer\u00e9se Thin%20Arrow<\/p>\n","protected":false},"author":1,"featured_media":0,"parent":0,"menu_order":0,"comment_status":"closed","ping_status":"closed","template":"","meta":{"footnotes":""},"class_list":["post-553","page","type-page","status-publish","hentry"],"_links":{"self":[{"href":"https:\/\/mokus.zsonglor.hu\/index.php\/wp-json\/wp\/v2\/pages\/553","targetHints":{"allow":["GET"]}}],"collection":[{"href":"https:\/\/mokus.zsonglor.hu\/index.php\/wp-json\/wp\/v2\/pages"}],"about":[{"href":"https:\/\/mokus.zsonglor.hu\/index.php\/wp-json\/wp\/v2\/types\/page"}],"author":[{"embeddable":true,"href":"https:\/\/mokus.zsonglor.hu\/index.php\/wp-json\/wp\/v2\/users\/1"}],"replies":[{"embeddable":true,"href":"https:\/\/mokus.zsonglor.hu\/index.php\/wp-json\/wp\/v2\/comments?post=553"}],"version-history":[{"count":0,"href":"https:\/\/mokus.zsonglor.hu\/index.php\/wp-json\/wp\/v2\/pages\/553\/revisions"}],"wp:attachment":[{"href":"https:\/\/mokus.zsonglor.hu\/index.php\/wp-json\/wp\/v2\/media?parent=553"}],"curies":[{"name":"wp","href":"https:\/\/api.w.org\/{rel}","templated":true}]}}