{"id":1633,"date":"2025-01-21T14:15:18","date_gmt":"2025-01-21T14:15:18","guid":{"rendered":"https:\/\/www.zsonglor.hu\/beszamolok"},"modified":"2025-01-21T14:15:18","modified_gmt":"2025-01-21T14:15:18","slug":"beszamolok","status":"publish","type":"page","link":"https:\/\/mokus.zsonglor.hu\/index.php\/beszamolok\/","title":{"rendered":"Besz\u00e1mol\u00f3k"},"content":{"rendered":"\n<h2 class=\"wp-block-heading\">Besz\u00e1mol\u00f3k<\/h2>\n\n\n\n<figure class=\"wp-block-image is-resized\"><img loading=\"lazy\" decoding=\"async\" height=\"361\" width=\"386\" alt=\"3a.jpg\" src=\"https:\/\/mokus.zsonglor.hu\/wp-content\/uploads\/2025\/01\/e36bf-885657_1d8a6ac2a319405d932f898302b859b4mv2.jpg\"><\/figure>\n\n\n\n<p>Circoncept projekt<\/p>\n\n\n\n<p>2019-2022<\/p>\n\n\n\n<p>Szakmai besz\u00e1mol\u00f3k<\/p>\n\n\n\n<figure class=\"wp-block-image is-resized\"><img loading=\"lazy\" decoding=\"async\" height=\"780\" width=\"609\" alt=\"NP900_2017-04-01_19-47-24.jpg\" src=\"https:\/\/mokus.zsonglor.hu\/wp-content\/uploads\/2025\/01\/df1fa-885657_d297ca5adc8c4cfea4ae8c25d21457f8mv2.jpg\"><\/figure>\n\n\n\n<p>Erasmus+ 2017-2018<\/p>\n\n\n\n<p>Gallyas Veronika:&nbsp;<\/p>\n\n\n\n<p>Szempontok 3 labda \u2018cascade\u2019 &nbsp;tan\u00edt\u00e1s\u00e1hoz<\/p>\n\n\n\n<figure class=\"wp-block-image is-resized\"><img loading=\"lazy\" decoding=\"async\" height=\"675\" width=\"648\" alt=\"Zirkutopia.jpg\" src=\"https:\/\/mokus.zsonglor.hu\/wp-content\/uploads\/2025\/01\/e97a6-885657_e9328263c0f84f4181fd5255bbebce84mv2.jpg\"><\/figure>\n\n\n\n<p>Erasmus+ 2017-2018<\/p>\n\n\n\n<p>Szab\u00f3 M\u00e1rton:<\/p>\n\n\n\n<p>Az inkluz\u00edv cirkusz-Zirkutopia&nbsp;<\/p>\n\n\n\n<figure class=\"wp-block-image is-resized\"><img loading=\"lazy\" decoding=\"async\" height=\"584\" width=\"594\" alt=\"Zirkutopia\u00b4s_experience.jpg\" src=\"https:\/\/mokus.zsonglor.hu\/wp-content\/uploads\/2025\/01\/8c82f-885657_d20c4ea7a3704152b83905622c50eaa6mv2.jpg\"><\/figure>\n\n\n\n<p>Erasmus+ 2017-2018<\/p>\n\n\n\n<p>Germ\u00e1n J. L\u00f3pez Galv\u00e1n: Zirkutopia\u00b4s experience<\/p>\n\n\n\n<figure class=\"wp-block-image is-resized\"><img loading=\"lazy\" decoding=\"async\" height=\"1408\" width=\"1926\" alt=\"zirk.jpg\" src=\"https:\/\/mokus.zsonglor.hu\/wp-content\/uploads\/2025\/01\/5209f-885657_a8b22b1e981743668cc7f83a16b392b1mv2_d_1926_1408_s_2.jpg\"><\/figure>\n\n\n\n<p>Erasmus+ 2017-2018<\/p>\n\n\n\n<p>P\u00e1l L\u00e1szl\u00f3 Bendeg\u00faz: Szoci\u00e1lis cirkusz az eg\u00e9szs\u00e9g\u00e9rt<\/p>\n\n\n\n<figure class=\"wp-block-image is-resized\"><img loading=\"lazy\" decoding=\"async\" height=\"800\" width=\"1043\" alt=\"Kezek.jpg\" src=\"https:\/\/mokus.zsonglor.hu\/wp-content\/uploads\/2025\/01\/e1781-885657_6dcbdf564a654076a14175c6af01b277mv2.jpg\"><\/figure>\n\n\n\n<p>Erasmus+ 2017-2018<\/p>\n\n\n\n<p>Lenhardt J\u00f3zsef: Besz\u00e1mol\u00f3 a luxemburgi Zaltimbanq cirkusz iskol\u00e1ban teljes\u00edtett tanulm\u00e1ny\u00fatr\u00f3l<\/p>\n\n\n\n<figure class=\"wp-block-image is-resized\"><img loading=\"lazy\" decoding=\"async\" height=\"533\" width=\"620\" alt=\"Katakomben.jpg\" src=\"https:\/\/mokus.zsonglor.hu\/wp-content\/uploads\/2025\/01\/0beac-885657_5bfc37ccae8c40afbfa8ec0b3984f032mv2.jpg\"><\/figure>\n\n\n\n<p>Erasmus+ 2017-2018<\/p>\n\n\n\n<p>Koll\u00e1nyi Julianna: Szakmai \u00f6sszefoglal\u00f3-Katakomben<\/p>\n\n\n\n<figure class=\"wp-block-image is-resized\"><img loading=\"lazy\" decoding=\"async\" height=\"640\" width=\"810\" alt=\"szakamai.jpg\" src=\"https:\/\/mokus.zsonglor.hu\/wp-content\/uploads\/2025\/01\/e2d5e-885657_c24611373e014632acc9aabc8d7728cbmv2.jpg\"><\/figure>\n\n\n\n<p>Erasmus+ 2014-2016<\/p>\n\n\n\n<p>Cirkuszi oktat\u00f3k szakk\u00e9pz\u00e9se,<\/p>\n\n\n\n<p>Szakmai cikkek<\/p>\n\n\n\n<figure class=\"wp-block-image is-resized\"><img loading=\"lazy\" decoding=\"async\" height=\"90\" width=\"170\" alt=\"tempus_log\u00f3.jpg\" src=\"https:\/\/mokus.zsonglor.hu\/wp-content\/uploads\/2025\/01\/5e87c-885657_599a41976fe649c199191ad849bdbf35mv2.jpg\"><\/figure>\n\n\n\n<p>Erasmus+ 2017-2018<\/p>\n\n\n\n<p>Cirkuszi oktat\u00f3k szakk\u00e9pz\u00e9se,<\/p>\n\n\n\n<p>Szakmai cikkek<\/p>\n\n\n\n<p><\/p>\n\n\n\n<figure class=\"wp-block-image is-resized\"><img loading=\"lazy\" decoding=\"async\" height=\"639\" width=\"960\" alt=\"be6 (1).jpg\" src=\"https:\/\/mokus.zsonglor.hu\/wp-content\/uploads\/2025\/01\/74e6f-608210_b10e493dafa24937ac6d86144665d735mv2.jpg\"><\/figure>\n\n\n\n<p>Gallyas Veronika: Testi kontaktus a cirkuszi oktat\u00e1sban<\/p>\n\n\n\n<figure class=\"wp-block-image is-resized\"><img loading=\"lazy\" decoding=\"async\" height=\"2048\" width=\"1153\" alt=\"l\u00e9pcso.jpg\" src=\"https:\/\/mokus.zsonglor.hu\/wp-content\/uploads\/2025\/01\/5c6fa-608210_f0435cca638c4241b8a1d45296525d0amv2.jpg\"><\/figure>\n\n\n\n<p><\/p>\n\n\n\n<p><a>Erasmus+ 2024 Kelecs\u00e9nyi Csenge \u00f6sszefoglal\u00f3 prezent\u00e1ci\u00f3ja a Magyar Zsongl\u0151r Egyes\u00fclet munk\u00e1ss\u00e1g\u00e1r\u00f3l&nbsp;<\/a><\/p>\n","protected":false},"excerpt":{"rendered":"<p>Besz\u00e1mol\u00f3k Circoncept projekt 2019-2022 Szakmai besz\u00e1mol\u00f3k Erasmus+ 2017-2018 Gallyas Veronika:&nbsp; Szempontok 3 labda \u2018cascade\u2019 &nbsp;tan\u00edt\u00e1s\u00e1hoz Erasmus+ 2017-2018 Szab\u00f3 M\u00e1rton: Az inkluz\u00edv cirkusz-Zirkutopia&nbsp; Erasmus+ 2017-2018 Germ\u00e1n J. L\u00f3pez Galv\u00e1n: Zirkutopia\u00b4s experience Erasmus+ 2017-2018 P\u00e1l L\u00e1szl\u00f3 Bendeg\u00faz: Szoci\u00e1lis cirkusz az eg\u00e9szs\u00e9g\u00e9rt Erasmus+ 2017-2018 Lenhardt J\u00f3zsef: Besz\u00e1mol\u00f3 a luxemburgi Zaltimbanq cirkusz iskol\u00e1ban teljes\u00edtett tanulm\u00e1ny\u00fatr\u00f3l Erasmus+ 2017-2018 Koll\u00e1nyi Julianna: [&hellip;]<\/p>\n","protected":false},"author":1,"featured_media":0,"parent":0,"menu_order":0,"comment_status":"closed","ping_status":"closed","template":"","meta":{"footnotes":""},"class_list":["post-1633","page","type-page","status-publish","hentry"],"_links":{"self":[{"href":"https:\/\/mokus.zsonglor.hu\/index.php\/wp-json\/wp\/v2\/pages\/1633","targetHints":{"allow":["GET"]}}],"collection":[{"href":"https:\/\/mokus.zsonglor.hu\/index.php\/wp-json\/wp\/v2\/pages"}],"about":[{"href":"https:\/\/mokus.zsonglor.hu\/index.php\/wp-json\/wp\/v2\/types\/page"}],"author":[{"embeddable":true,"href":"https:\/\/mokus.zsonglor.hu\/index.php\/wp-json\/wp\/v2\/users\/1"}],"replies":[{"embeddable":true,"href":"https:\/\/mokus.zsonglor.hu\/index.php\/wp-json\/wp\/v2\/comments?post=1633"}],"version-history":[{"count":0,"href":"https:\/\/mokus.zsonglor.hu\/index.php\/wp-json\/wp\/v2\/pages\/1633\/revisions"}],"wp:attachment":[{"href":"https:\/\/mokus.zsonglor.hu\/index.php\/wp-json\/wp\/v2\/media?parent=1633"}],"curies":[{"name":"wp","href":"https:\/\/api.w.org\/{rel}","templated":true}]}}