{"id":1433,"date":"2025-01-21T14:15:18","date_gmt":"2025-01-21T14:15:18","guid":{"rendered":"https:\/\/www.zsonglor.hu\/funkcionaliszsonglorkodes"},"modified":"2025-01-21T14:15:18","modified_gmt":"2025-01-21T14:15:18","slug":"funkcionalis-zsonglorkodes-projekt","status":"publish","type":"page","link":"https:\/\/mokus.zsonglor.hu\/index.php\/funkcionalis-zsonglorkodes-projekt\/","title":{"rendered":"Funkcion\u00e1lis Zsongl\u0151rk\u00f6d\u00e9s Projekt"},"content":{"rendered":"\n<h1 class=\"wp-block-heading\">Acerca de<\/h1>\n\n\n\n<h2 class=\"wp-block-heading\">Funkcion\u00e1lis Zsongl\u0151rk\u00f6d\u00e9s 2021-2023<\/h2>\n\n\n\n<p>A Magyar Zsongl\u0151r Egyes\u00fclet, az Odskocznia Studio, a Circo Tascabile, a Quat Props Italia , a Kulturb\u00fchne Neustadt e.V. f\u0151 koordin\u00e1ci\u00f3j\u00e1val l\u00e9trej\u00f6tt projekt, melyet az Erasmus+ t\u00e1mogatott.<\/p>\n\n\n\n<p><\/p>\n\n\n\n<p>A funkcion\u00e1lis zsongl\u0151rk\u00f6d\u00e9s egy olyan hat\u00e9kony m\u00f3dszer, amely mindenki sz\u00e1m\u00e1ra lehet\u0151v\u00e9 teszi a zsongl\u0151rk\u00f6d\u00e9s \u00e9lm\u00e9ny\u00e9t. Ez\u00e9rt nem csak a zsongl\u0151r\u00f6k haszn\u00e1lj\u00e1k, hanem a rehabilit\u00e1ci\u00f3s terapeut\u00e1k, testnevel\u0151 tan\u00e1rok is. A legfontosabb c\u00e9l a kapacit\u00e1s fejleszt\u00e9se, \u00edgy a &nbsp;zsongl\u0151rk\u00f6d\u00e9s technik\u00e1ja elhanyagolhat\u00f3.<\/p>\n\n\n\n<p>A m\u00f3dszert <a>@craigquat<\/a> tal\u00e1lta fel. K\u00f6szi, Craig! Szeret\u00fcnk t\u00e9ged!<\/p>\n\n\n\n<p>Amiket a projekt sor\u00e1n megval\u00f3s\u00edtottunk:<\/p>\n\n\n\n<ul class=\"wp-block-list\"><li>nemzetk\u00f6zi k\u00e9pz\u00e9s-5 napos k\u00e9pz\u00e9s Hall\u00e9ben \u00e9s Vars\u00f3ban<\/li><li>Nemzetk\u00f6zi Funkcion\u00e1lis Zsongl\u0151r Kongresszus Budapesten \u00e9s Pontassiev\u00e9ben<\/li><li>&nbsp;minden orsz\u00e1gban anyanyelvi k\u00e9pz\u00e9sek<\/li><li>Nemzetk\u00f6zi Szimp\u00f3zium<\/li><\/ul>\n\n\n\n<p><\/p>\n\n\n\n<p><strong>R\u00e9szletek az esem\u00e9nyekr\u0151l&nbsp;<\/strong><\/p>\n\n\n\n<p><\/p>\n\n\n\n<p>Nemzetk\u00f6zi k\u00e9pz\u00e9sek:<\/p>\n\n\n\n<p><a>&#8211; Tr\u00e9ning Hall\u00e9ban <\/a>Marc Bielert \u00e9s Lapo Botteri vezet\u00e9s\u00e9vel, Gallyas Veronika assziszt\u00e1l\u00e1s\u00e1val 2022.04.20.-2022.04.24<\/p>\n\n\n\n<p><a>&#8211; K\u00e9pz\u00e9s Vars\u00f3ban<\/a> Lapo Botteri vezet\u00e9s\u00e9vel, Marc Bielert assziszt\u00e1l\u00e1s\u00e1val<\/p>\n\n\n\n<p>2022.09.27-2022.10.01.<\/p>\n\n\n\n<p><\/p>\n\n\n\n<p>Tal\u00e1lkoz\u00f3k:<\/p>\n\n\n\n<p>-A t\u00f6rt\u00e9nelem els\u0151 <a>Juggle Board \u00e9s Funkcion\u00e1lis Zsongl\u0151rtal\u00e1lkoz\u00f3ja<\/a> az Inspir\u00e1lban, Budapest, Magyarorsz\u00e1g- 2022.j\u00fanius 3-4.<\/p>\n\n\n\n<p>&nbsp; &nbsp; &nbsp; &nbsp; &nbsp; &nbsp;Digit\u00e1lis konferenci\u00e1k<\/p>\n\n\n\n<p>&#8211;<a>Funkcion\u00e1lis Zsongl\u0151r Convention <\/a>Pontessieve, Olaszorsz\u00e1g 2022.10.15.-2022.10.16.<\/p>\n\n\n\n<p>&#8211;<a>Zsongl\u0151rk\u00f6d\u00e9s funkcion\u00e1lis c\u00e9l\u00fa haszn\u00e1lata \u00e9s Juggle Board alapfok\u00fa k\u00e9pz\u00e9s<\/a>&nbsp;2022.04.20-2022.04.22.<\/p>\n\n\n\n<p>&#8211;<a>Webin\u00e1rium <\/a>Gallyas Veronika el\u0151ad\u00e1sa: Zsongl\u0151rk\u00f6d\u00e9s funkcion\u00e1lis c\u00e9l\u00fa haszn\u00e1lata \u00e9s juggle board facilit\u00e1tori k\u00e9pz\u00e9s 2022.04.18.<\/p>\n\n\n\n<p>&nbsp; &nbsp; &nbsp; &nbsp; &nbsp; &nbsp;webin\u00e1rium<\/p>\n\n\n\n<p>&#8211;<a>Inkluz\u00edv Zsongl\u0151r Szimp\u00f3zium<\/a> \u2013 6 digit\u00e1lis networking tal\u00e1lkoz\u00f3b\u00f3l \u00e9s el\u0151ad\u00e1sb\u00f3l \u00e1ll\u00f3 sorozat 2022.12.- 2023.01<\/p>\n\n\n\n<p>&nbsp; &nbsp; &nbsp; &nbsp; &nbsp; &nbsp; lej\u00e1tsz\u00e1si lista a felvett meetingeknek<\/p>\n\n\n\n<p><\/p>\n\n\n\n<p><\/p>\n\n\n\n<p><\/p>\n\n\n\n<ul class=\"wp-block-social-links is-layout-flex wp-block-social-links-is-layout-flex\"><li class=\"wp-social-link wp-social-link-youtube  wp-block-social-link\"><a rel=\"noopener nofollow\" target=\"_blank\" href=\"https:\/\/www.youtube.com\/watch?v=VofoUEc_iAc&#038;list=UULFDUbEmnP42UEpqOBki9gffQ\" class=\"wp-block-social-link-anchor\"><svg width=\"24\" height=\"24\" viewBox=\"0 0 24 24\" version=\"1.1\" xmlns=\"http:\/\/www.w3.org\/2000\/svg\" aria-hidden=\"true\" focusable=\"false\"><path d=\"M21.8,8.001c0,0-0.195-1.378-0.795-1.985c-0.76-0.797-1.613-0.801-2.004-0.847c-2.799-0.202-6.997-0.202-6.997-0.202 h-0.009c0,0-4.198,0-6.997,0.202C4.608,5.216,3.756,5.22,2.995,6.016C2.395,6.623,2.2,8.001,2.2,8.001S2,9.62,2,11.238v1.517 c0,1.618,0.2,3.237,0.2,3.237s0.195,1.378,0.795,1.985c0.761,0.797,1.76,0.771,2.205,0.855c1.6,0.153,6.8,0.201,6.8,0.201 s4.203-0.006,7.001-0.209c0.391-0.047,1.243-0.051,2.004-0.847c0.6-0.607,0.795-1.985,0.795-1.985s0.2-1.618,0.2-3.237v-1.517 C22,9.62,21.8,8.001,21.8,8.001z M9.935,14.594l-0.001-5.62l5.404,2.82L9.935,14.594z\"><\/path><\/svg><span class=\"wp-block-social-link-label screen-reader-text\">Youtube<\/span><\/a><\/li><\/ul>\n\n\n\n<ul class=\"wp-block-social-links is-layout-flex wp-block-social-links-is-layout-flex\"><li class=\"wp-social-link wp-social-link-youtube  wp-block-social-link\"><a rel=\"noopener nofollow\" target=\"_blank\" href=\"https:\/\/www.youtube.com\/watch?v=7LcFsfCREjg&#038;list=UULFDUbEmnP42UEpqOBki9gffQ&#038;index=10\" class=\"wp-block-social-link-anchor\"><svg width=\"24\" height=\"24\" viewBox=\"0 0 24 24\" version=\"1.1\" xmlns=\"http:\/\/www.w3.org\/2000\/svg\" aria-hidden=\"true\" focusable=\"false\"><path d=\"M21.8,8.001c0,0-0.195-1.378-0.795-1.985c-0.76-0.797-1.613-0.801-2.004-0.847c-2.799-0.202-6.997-0.202-6.997-0.202 h-0.009c0,0-4.198,0-6.997,0.202C4.608,5.216,3.756,5.22,2.995,6.016C2.395,6.623,2.2,8.001,2.2,8.001S2,9.62,2,11.238v1.517 c0,1.618,0.2,3.237,0.2,3.237s0.195,1.378,0.795,1.985c0.761,0.797,1.76,0.771,2.205,0.855c1.6,0.153,6.8,0.201,6.8,0.201 s4.203-0.006,7.001-0.209c0.391-0.047,1.243-0.051,2.004-0.847c0.6-0.607,0.795-1.985,0.795-1.985s0.2-1.618,0.2-3.237v-1.517 C22,9.62,21.8,8.001,21.8,8.001z M9.935,14.594l-0.001-5.62l5.404,2.82L9.935,14.594z\"><\/path><\/svg><span class=\"wp-block-social-link-label screen-reader-text\">YouTube<\/span><\/a><\/li><\/ul>\n\n\n\n<ul class=\"wp-block-social-links is-layout-flex wp-block-social-links-is-layout-flex\"><li class=\"wp-social-link wp-social-link-youtube  wp-block-social-link\"><a rel=\"noopener nofollow\" target=\"_blank\" href=\"https:\/\/www.youtube.com\/playlist?list=PL6v447yuJWYiZ-Bii8ZRgiUC8eMMBeJCL\" class=\"wp-block-social-link-anchor\"><svg width=\"24\" height=\"24\" viewBox=\"0 0 24 24\" version=\"1.1\" xmlns=\"http:\/\/www.w3.org\/2000\/svg\" aria-hidden=\"true\" focusable=\"false\"><path d=\"M21.8,8.001c0,0-0.195-1.378-0.795-1.985c-0.76-0.797-1.613-0.801-2.004-0.847c-2.799-0.202-6.997-0.202-6.997-0.202 h-0.009c0,0-4.198,0-6.997,0.202C4.608,5.216,3.756,5.22,2.995,6.016C2.395,6.623,2.2,8.001,2.2,8.001S2,9.62,2,11.238v1.517 c0,1.618,0.2,3.237,0.2,3.237s0.195,1.378,0.795,1.985c0.761,0.797,1.76,0.771,2.205,0.855c1.6,0.153,6.8,0.201,6.8,0.201 s4.203-0.006,7.001-0.209c0.391-0.047,1.243-0.051,2.004-0.847c0.6-0.607,0.795-1.985,0.795-1.985s0.2-1.618,0.2-3.237v-1.517 C22,9.62,21.8,8.001,21.8,8.001z M9.935,14.594l-0.001-5.62l5.404,2.82L9.935,14.594z\"><\/path><\/svg><span class=\"wp-block-social-link-label screen-reader-text\">YouTube<\/span><\/a><\/li><\/ul>\n\n\n\n<figure class=\"wp-block-image is-resized\"><img loading=\"lazy\" decoding=\"async\" height=\"572\" width=\"2000\" alt=\"\" src=\"https:\/\/inspiral89.wordpress.com\/wp-content\/uploads\/2025\/01\/436fc-885657_78ccb777a0f44b9095c64e9a701bb219mv2.png\"><\/figure>\n\n\n\n<figure class=\"wp-block-image is-resized\"><img loading=\"lazy\" decoding=\"async\" height=\"1172\" width=\"990\" alt=\"\" src=\"https:\/\/inspiral89.wordpress.com\/wp-content\/uploads\/2025\/01\/3161c-885657_1ed7c2bb0de44c20a0b0d829109908a4mv2.png\"><\/figure>\n\n\n\n<figure class=\"wp-block-image is-resized\"><img loading=\"lazy\" decoding=\"async\" height=\"100\" width=\"100\" alt=\"\" src=\"https:\/\/inspiral89.wordpress.com\/wp-content\/uploads\/2025\/01\/9af24-608210_e9df63bfc95b4b4da92dc330666f9a08mv2.png\"><\/figure>\n\n\n\n<figure class=\"wp-block-image is-resized\"><img loading=\"lazy\" decoding=\"async\" height=\"253\" width=\"1042\" alt=\"\" src=\"https:\/\/inspiral89.wordpress.com\/wp-content\/uploads\/2025\/01\/c42c7-608210_98036cd37ed34dd680b30246378ab64bmv2.jpg\"><\/figure>\n\n\n\n<figure class=\"wp-block-image is-resized\"><img loading=\"lazy\" decoding=\"async\" height=\"225\" width=\"225\" alt=\"\" src=\"https:\/\/inspiral89.wordpress.com\/wp-content\/uploads\/2025\/01\/7da90-608210_876cadedf1f14926be759946e6685568mv2.png\"><\/figure>\n\n\n\n<figure class=\"wp-block-image is-resized\"><img loading=\"lazy\" decoding=\"async\" height=\"403\" width=\"770\" alt=\"\" src=\"https:\/\/inspiral89.wordpress.com\/wp-content\/uploads\/2025\/01\/20d2a-608210_b0deb77b0a9f49198daceebdea4cb5ccmv2.png\"><\/figure>\n","protected":false},"excerpt":{"rendered":"<p>Acerca de Funkcion\u00e1lis Zsongl\u0151rk\u00f6d\u00e9s 2021-2023 A Magyar Zsongl\u0151r Egyes\u00fclet, az Odskocznia Studio, a Circo Tascabile, a Quat Props Italia , a Kulturb\u00fchne Neustadt e.V. f\u0151 koordin\u00e1ci\u00f3j\u00e1val l\u00e9trej\u00f6tt projekt, melyet az Erasmus+ t\u00e1mogatott. A funkcion\u00e1lis zsongl\u0151rk\u00f6d\u00e9s egy olyan hat\u00e9kony m\u00f3dszer, amely mindenki sz\u00e1m\u00e1ra lehet\u0151v\u00e9 teszi a zsongl\u0151rk\u00f6d\u00e9s \u00e9lm\u00e9ny\u00e9t. Ez\u00e9rt nem csak a zsongl\u0151r\u00f6k haszn\u00e1lj\u00e1k, hanem a [&hellip;]<\/p>\n","protected":false},"author":1,"featured_media":0,"parent":0,"menu_order":0,"comment_status":"closed","ping_status":"closed","template":"","meta":{"footnotes":""},"class_list":["post-1433","page","type-page","status-publish","hentry"],"_links":{"self":[{"href":"https:\/\/mokus.zsonglor.hu\/index.php\/wp-json\/wp\/v2\/pages\/1433","targetHints":{"allow":["GET"]}}],"collection":[{"href":"https:\/\/mokus.zsonglor.hu\/index.php\/wp-json\/wp\/v2\/pages"}],"about":[{"href":"https:\/\/mokus.zsonglor.hu\/index.php\/wp-json\/wp\/v2\/types\/page"}],"author":[{"embeddable":true,"href":"https:\/\/mokus.zsonglor.hu\/index.php\/wp-json\/wp\/v2\/users\/1"}],"replies":[{"embeddable":true,"href":"https:\/\/mokus.zsonglor.hu\/index.php\/wp-json\/wp\/v2\/comments?post=1433"}],"version-history":[{"count":0,"href":"https:\/\/mokus.zsonglor.hu\/index.php\/wp-json\/wp\/v2\/pages\/1433\/revisions"}],"wp:attachment":[{"href":"https:\/\/mokus.zsonglor.hu\/index.php\/wp-json\/wp\/v2\/media?parent=1433"}],"curies":[{"name":"wp","href":"https:\/\/api.w.org\/{rel}","templated":true}]}}