{"id":1373,"date":"2025-01-21T14:15:18","date_gmt":"2025-01-21T14:15:18","guid":{"rendered":"https:\/\/www.zsonglor.hu\/cirkuszoktatoktovabbkepzese"},"modified":"2025-01-21T14:15:18","modified_gmt":"2025-01-21T14:15:18","slug":"cirkuszoktatok-tovabbkepzese-2023-2024","status":"publish","type":"page","link":"https:\/\/mokus.zsonglor.hu\/index.php\/cirkuszoktatok-tovabbkepzese-2023-2024\/","title":{"rendered":"Cirkuszoktat\u00f3k tov\u00e1bbk\u00e9pz\u00e9se 2023\/2024"},"content":{"rendered":"\n<h1 class=\"wp-block-heading\">Cirkuszoktat\u00f3k tov\u00e1bbk\u00e9pz\u00e9se 2023\/2024<\/h1>\n\n\n\n<p>A projekt \u00e1ltal az Inspir\u00e1l Cirkuszk\u00f6zpont \u00e9s a Magyar Zsongl\u0151r Egyes\u00fclet feln\u0151tt oktat\u00f3ink tov\u00e1bbk\u00e9pz\u00e9s\u00e9t biztos\u00edtjuk. A kiutaz\u00e1sok \u00e1ltal r\u00e9sztvev\u0151ink \u00e1tfog\u00f3an fejl\u0151dnek a cirkuszi oktat\u00e1sban: \u00faj \u00e9s innovat\u00edv pedag\u00f3gia m\u00f3dszereket tanulnak \u00e9s gyakorolj\u00e1k azok haszn\u00e1lat\u00e1t, ugyanakkor fejl\u0151dnek cirkuszi k\u00e9szs\u00e9gekben, tr\u00fckk\u00f6ket \u00e9s mozdulatokat saj\u00e1t\u00edtanak el. Emellett fejl\u0151dnek sz\u00e1mos szem\u00e9lyes-, nyelvi \u00e9s szoci\u00e1lis k\u00e9szs\u00e9gben, amit a nemzetk\u00f6zi k\u00f6rnyezet lehet\u0151v\u00e9 tesz. A kiutaz\u00e1sok \u00e1ltal a Magyar Zsongl\u0151r Egyes\u00fclet elismerts\u00e9g\u00e9t n\u00f6velj\u00fck, mind a hazai \u00e9s a nemzetk\u00f6zi k\u00f6rnyezetben: \u00faj eur\u00f3pai kapcsolatokat hozunk l\u00e9tre, j\u00f6v\u0151beni projekteket \u00e1lmodunk meg.&nbsp;<\/p>\n\n\n\n<p>Az utaz\u00e1sok egy nagy rendszerben kapcsol\u00f3dnak egym\u00e1shoz \u00e9s ugyanakkor a szervezet mindennapjaihoz is, hiszen a 20 kiutaz\u00e1s sor\u00e1n megszerzett tud\u00e1st be\u00e9p\u00edtj\u00fck a szervezet m\u0171k\u00f6d\u00e9s\u00e9be, digit\u00e1lis \u00e9s szem\u00e9lyes k\u00e9pz\u00e9sek keret\u00e9ben tov\u00e1bbad\u00e1sra ker\u00fclnek. Kiemelt form\u00e1ban val\u00f3s\u00edtunk meg hazai tud\u00e1s\u00e1tad\u00e1st szak\u00e9rt\u0151k fogad\u00e1sa \u00e1ltal.<\/p>\n\n\n\n<p><\/p>\n\n\n\n<p><\/p>\n\n\n\n<p>Tev\u00e9kenys\u00e9gek&nbsp;<\/p>\n\n\n\n<p><\/p>\n\n\n\n<p>\u00d6sszesen 20 utaz\u00e1s t\u00f6rt\u00e9nik a projekt 14 h\u00f3napja sor\u00e1n. 7 napos intenz\u00edv k\u00e9pz\u00e9sen vesz r\u00e9szt 14 kiutaz\u00f3, 3 hetes szakmai- , oktat\u00e1si gyakorlatra utazik 3 r\u00e9sztvev\u0151 \u00e9s 3 szak\u00e9rt\u0151t fogadunk Magyarorsz\u00e1gon. 5 fogad\u00f3 szervezettel dolgozunk olasz, lengyel, portug\u00e1l, n\u00e9met \u00e9s luxemburgi ter\u00fcleten. A tev\u00e9kenys\u00e9gek mindegyike cirkuszi oktat\u00e1s valamely \u00e1g\u00e1hoz kapcsol\u00f3dik, mind pedag\u00f3giai munka, workshopon val\u00f3 r\u00e9szv\u00e9tel, szakmai l\u00e1togat\u00e1s \u00e9s eszmecsere szerepel a programelemek k\u00f6z\u00f6tt. Webin\u00e1rokon \u00e9s szem\u00e9lyesen workshopon ker\u00fcl sor a utaz\u00f3kt\u00f3l t\u00f6rt\u00e9n\u0151 itthoni tud\u00e1s\u00e1tad\u00e1sra a hazai szakma sz\u00e1m\u00e1ra.<\/p>\n\n\n\n<p><\/p>\n\n\n\n<p><\/p>\n\n\n\n<p>Eredm\u00e9nyek&nbsp;<\/p>\n\n\n\n<p><\/p>\n\n\n\n<p>A projekt k\u00f6zvetlen hasznot eredm\u00e9nyez, a tud\u00e1st a hazai cirkuszi k\u00f6z\u00f6ss\u00e9g sz\u00e1m\u00e1ra is hozz\u00e1f\u00e9rhet\u0151v\u00e9 tessz\u00fck. Az utaz\u00e1son r\u00e9szt vev\u0151 20 f\u0151 a Magyar Zsongl\u0151r Egyes\u00fclt digit\u00e1lis \u00e9s szem\u00e9lyes rendezv\u00e9nyein kereszt\u00fcl val\u00f3s\u00edtja meg a tud\u00e1stranszfert, a kiutaz\u00f3k tud\u00e1s\u00e1t a napi munk\u00e1ba \u00e9p\u00edtj\u00fck be. Az olasz szak\u00e9rt\u0151k fogad\u00e1sa sor\u00e1n halmozottan h\u00e1tr\u00e1nyos helyzet\u0171 csoportokkal foglalkoz\u00f3 partnerint\u00e9zm\u00e9nyeink l\u00e1togat\u00e1sa t\u00f6rt\u00e9nik, k\u00f6zvetlen szem\u00e9lyes konzult\u00e1ci\u00f3 \u00e9s szak\u00e9rt\u0151i tan\u00e1csad\u00e1s form\u00e1j\u00e1ban, valamint egy ny\u00edlt felh\u00edv\u00e1s keret\u00e9ben r\u00e9szt lehet venni a szak\u00e9rt\u0151k vezet\u00e9s\u00e9vel megval\u00f3sul\u00f3 funkcion\u00e1lis zsongl\u0151r k\u00e9pz\u00e9sen. Eredm\u00e9nyk\u00e9nt a kiutaz\u00f3k szem\u00e9lyes \u00e9s szakmai fejl\u0151d\u00e9s\u00e9n t\u00fal tov\u00e1bbi 150 szakmai \u00e9rdekl\u0151d\u0151 fejl\u0151dhet a disszemin\u00e1ci\u00f3 sor\u00e1n. Az Erasmus+ program lehet\u0151s\u00e9geit fel\u00fcleteinken nyilv\u00e1noss\u00e1 tessz\u00fck.&nbsp;<\/p>\n\n\n\n<p><\/p>\n\n\n\n<p><\/p>\n\n\n\n<p><\/p>\n\n\n\n<p><\/p>\n\n\n\n<p><\/p>\n\n\n\n<p><\/p>\n\n\n\n<p><\/p>\n\n\n\n<p><\/p>\n\n\n\n<p><\/p>\n\n\n\n<p><\/p>\n\n\n\n<p><\/p>\n\n\n\n<p><\/p>\n\n\n\n<p><\/p>\n\n\n\n<p><\/p>\n\n\n\n<p><\/p>\n\n\n\n<p><\/p>\n\n\n\n<p><\/p>\n\n\n\n<p><\/p>\n\n\n\n<p><\/p>\n\n\n\n<p><\/p>\n\n\n\n<p><\/p>\n\n\n\n<p><\/p>\n\n\n\n<p><\/p>\n\n\n\n<p><\/p>\n\n\n\n<p>Esem\u00e9nyek<\/p>\n\n\n\n<p><\/p>\n\n\n\n<p>2023. j\u00falius 29- augusztus 6. 3 f\u0151s kiutaz\u00e1s az Eur\u00f3pai Zsongl\u0151rtal\u00e1lkoz\u00f3ra, Lublin, Lengyelorsz\u00e1g<\/p>\n\n\n\n<p>2023. okt\u00f3ber 12-18 k\u00f6z\u00f6tt 3 f\u0151 r\u00e9szv\u00e9tele az Olaszorsz\u00e1gi funkcion\u00e1lis cirkusz szakmai tov\u00e1bbk\u00e9pz\u00e9sen \u00e9s ennek keret\u00e9ben a Funkcion\u00e1lis Zsongl\u0151rtal\u00e1lkoz\u00f3n<\/p>\n\n\n\n<p>2023. okt\u00f3ber 13-15, Funkcion\u00e1lis Zsongl\u0151rtal\u00e1lkoz\u00f3, Milano, Olaszorsz\u00e1g FB event: https:\/\/www.facebook.com\/events\/1148094626151507\/&nbsp;<\/p>\n\n\n\n<p>poszt<\/p>\n\n\n\n<p>2023 december 2-10 Olasz szakert\u0151k fogad\u00e1sa a Circo Tascabile szervezet k\u00e9pviselet\u00e9ben.<\/p>\n\n\n\n<p>2023. december 8-9. \u00dajdons\u00e1gok a cirkuszpedag\u00f3gi\u00e1ban 2023_Konferencia<\/p>\n\n\n\n<p><a>Facebook esem\u00e9ny&nbsp;<\/a><\/p>\n\n\n\n<p>2024. m\u00e1rcius 4-24. 3 f\u0151&nbsp; szakmai gyakorlata a luxemburgi Zaltimbanq cirkusziskol\u00e1n\u00e1l&nbsp;<\/p>\n\n\n\n<p>2024. j\u00falius 27.- augusztus 4. 6 f\u0151 r\u00e9sztv\u00e9tele az Eur\u00f3pai Zsongl\u0151rtal\u00e1lkoz\u00f3n, Ovar, Portug\u00e1lia<\/p>\n\n\n\n<p><\/p>\n\n\n\n<p>webin\u00e1riumok<\/p>\n\n\n\n<p>2023. november 29.- Cirkuszpedag\u00f3gia \u00e9s Lehet\u0151s\u00e9gek- online besz\u00e9lget\u00e9s&nbsp;<\/p>\n\n\n\n<p><a>Facebook esem\u00e9ny<\/a>,<a> zoom felv\u00e9tel linkje<\/a><\/p>\n\n\n\n<p>2024. \u00e1prilis 15.webin\u00e1rium:&nbsp; K\u00f6z\u00f6ss\u00e9g\u00e9p\u00edt\u00e9s &#8211; Cirkuszpedag\u00f3giai c\u00e9lok &#8211;&nbsp; Cirkusz \u00e9s k\u00f6rnyezetv\u00e9delem<\/p>\n\n\n\n<p><a>Facebook esem\u00e9ny<\/a>,<a> zoom felv\u00e9tel linkje<\/a><\/p>\n\n\n\n<p>2024. augusztus 17. Webin\u00e1rium az Inspir\u00e1l Cirkuszk\u00f6zpont m\u0171v\u00e9szeivel, <a>Facebook esem\u00e9ny<\/a><\/p>\n\n\n\n<p>2024. augusztus 26. &#8216;\u00daj&nbsp; \u00f6tletek, \u00faj lend\u00fclet- webin\u00e1rium az Inspir\u00e1l cirkuszsuli oktat\u00f3ival&#8217;, <a>Facebook esem\u00e9ny<\/a><\/p>\n\n\n\n<p>2024. szeptember 6. &#8216;\u00daj&nbsp; \u00f6tletek, \u00faj lend\u00fclet- webin\u00e1rium az Inspir\u00e1l cirkuszsuli oktat\u00f3ival&#8217;, <a>Facebook esem\u00e9ny<\/a><\/p>\n\n\n\n<p><\/p>\n\n\n\n<p><\/p>\n\n\n\n<p>Lapo Botteri, Francesco Boni \u00e9s Edoardo Fillafero olasz szak\u00e9rt\u0151k az Inspir\u00e1l Cirkuszk\u00f6zpontban, 2024. december<\/p>\n\n\n\n<p>\u00daj eszk\u00f6z\u00f6k elk\u00e9sz\u00edt\u00e9se, hogy Magyarorsz\u00e1gon is el\u00e9rhet\u0151k legyenek. Miut\u00e1n elk\u00e9sz\u00fcltek az \u00faj eszk\u00f6z\u00f6k egy konferencia keret\u00e9ben magyar partnereink, koll\u00e9g\u00e1ink ki is pr\u00f3b\u00e1lhatt\u00e1k.&nbsp;<\/p>\n\n\n\n<p>&nbsp;Funkcion\u00e1lis Zsongl\u0151rtal\u00e1lkoz\u00f3, Milano, Olaszorsz\u00e1g 2023. okt\u00f3ber<\/p>\n\n\n\n<p>\u00daj eszk\u00f6z\u00f6k, j\u00e1t\u00e9kok felfedez\u00e9se<\/p>\n\n\n\n<p>\u00fcgyess\u00e9gi \u00e9s zsongl\u0151r feladatok megismer\u00e9se, amelyek fejlesztik a&nbsp; funkcion\u00e1lis \u00e9s motoros (mozg\u00e1sos) k\u00e9pess\u00e9geinket.<\/p>\n\n\n\n<p>H\u00e1rom hetes luxemburgi szakmai gyakorlat, melyen az Inspir\u00e1l h\u00e1rom oktat\u00f3ja vett r\u00e9szt, 2024. m\u00e1rcius<\/p>\n\n\n\n<p>A tev\u00e9kenys\u00e9gek k\u00f6z\u00e9 tartozott a k\u00f6z\u00f6s edz\u00e9s a helyi tan\u00e1ri csapattal. Emellett az oktat\u00f3i csapatok k\u00f6z\u00f6tt pedag\u00f3giai m\u00f3dszerek ker\u00fcltek kibont\u00e1sra \u00e9s megbesz\u00e9l\u00e9sre. Zaltimbanq r\u00e9sz\u00e9r\u0151l n\u00e9gy oktat\u00f3 k\u00f6zvetlen munk\u00e1t \u00e9s tapasztalatcser\u00e9t folytatott a r\u00e9sztvev\u0151kkel, \u00e9s egy\u00fcttm\u0171k\u00f6dtek a t\u00f6bbi oktat\u00f3val is<\/p>\n\n\n\n<figure class=\"wp-block-image is-resized\"><img loading=\"lazy\" decoding=\"async\" height=\"792\" width=\"425\" alt=\"ZaltimbanqLOGO_edited.png\" src=\"https:\/\/mokus.zsonglor.hu\/wp-content\/uploads\/2025\/01\/1e509-608210_988117f3492c45d48fd9d2816a6ea0femv2.png\"><\/figure>\n\n\n\n<figure class=\"wp-block-image is-resized\"><img loading=\"lazy\" decoding=\"async\" height=\"56\" width=\"199\" alt=\"black on white.png\" src=\"https:\/\/mokus.zsonglor.hu\/wp-content\/uploads\/2025\/01\/0102d-608210_e52440d57d9145aeaf757c05034ba2eemv2.png\"><\/figure>\n\n\n\n<figure class=\"wp-block-image is-resized\"><img loading=\"lazy\" decoding=\"async\" height=\"591\" width=\"355\" alt=\"logo_def-02.png\" src=\"https:\/\/mokus.zsonglor.hu\/wp-content\/uploads\/2025\/01\/26118-608210_27bab519f700469f9e1639825b651839mv2.png\"><\/figure>\n\n\n\n<figure class=\"wp-block-image is-resized\"><img loading=\"lazy\" decoding=\"async\" height=\"572\" width=\"2000\" alt=\"\" src=\"https:\/\/inspiral89.wordpress.com\/wp-content\/uploads\/2025\/01\/436fc-885657_78ccb777a0f44b9095c64e9a701bb219mv2.png\"><\/figure>\n\n\n\n<figure class=\"wp-block-gallery columns-3 is-cropped wp-block-gallery-1 is-layout-flex wp-block-gallery-is-layout-flex\"><ul class=\"blocks-gallery-grid\"><li class=\"blocks-gallery-item\"><figure><img decoding=\"async\" class=\"wp-image-197\" data-id=\"197\" alt=\"\" src=\"https:\/\/inspiral89.wordpress.com\/wp-content\/uploads\/2025\/01\/0cb37-608210_4a69e82ec65c484d9570226912ce8970mv2.jpg\"><\/figure><\/li><li class=\"blocks-gallery-item\"><figure><img decoding=\"async\" class=\"wp-image-198\" data-id=\"198\" alt=\"\" src=\"https:\/\/inspiral89.wordpress.com\/wp-content\/uploads\/2025\/01\/7cb92-608210_d5dad8d5472a474f9789f2172f360891mv2.jpg\"><\/figure><\/li><li class=\"blocks-gallery-item\"><figure><img decoding=\"async\" class=\"wp-image-199\" data-id=\"199\" alt=\"\" src=\"https:\/\/inspiral89.wordpress.com\/wp-content\/uploads\/2025\/01\/06e03-608210_e108877173434a19b9990e5e354aec15mv2.jpg\"><\/figure><\/li><li class=\"blocks-gallery-item\"><figure><img decoding=\"async\" class=\"wp-image-200\" data-id=\"200\" alt=\"\" src=\"https:\/\/inspiral89.wordpress.com\/wp-content\/uploads\/2025\/01\/c4e4d-608210_c94c478f69954b8b907f0c26de0eedf9mv2.jpg\"><\/figure><\/li><li class=\"blocks-gallery-item\"><figure><img decoding=\"async\" class=\"wp-image-201\" data-id=\"201\" alt=\"\" src=\"https:\/\/inspiral89.wordpress.com\/wp-content\/uploads\/2025\/01\/09ceb-608210_1c90c0efa85c44909c6adcca7bef7698mv2.jpg\"><\/figure><\/li><li class=\"blocks-gallery-item\"><figure><img decoding=\"async\" class=\"wp-image-202\" data-id=\"202\" alt=\"\" src=\"https:\/\/inspiral89.wordpress.com\/wp-content\/uploads\/2025\/01\/068b3-608210_142ff0e29eb84336b00964da84505c86mv2.jpg\"><\/figure><\/li><li class=\"blocks-gallery-item\"><figure><img decoding=\"async\" class=\"wp-image-203\" data-id=\"203\" alt=\"\" src=\"https:\/\/inspiral89.wordpress.com\/wp-content\/uploads\/2025\/01\/76ce7-608210_badd24990fa04052b7bdda3637cab95bmv2.jpg\"><\/figure><\/li><li class=\"blocks-gallery-item\"><figure><img decoding=\"async\" class=\"wp-image-204\" data-id=\"204\" alt=\"\" src=\"https:\/\/inspiral89.wordpress.com\/wp-content\/uploads\/2025\/01\/682fd-608210_4079c4bd06dd42158faf3f5ee645c0bfmv2.jpg\"><\/figure><\/li><\/ul><\/figure>\n","protected":false},"excerpt":{"rendered":"<p>Cirkuszoktat\u00f3k tov\u00e1bbk\u00e9pz\u00e9se 2023\/2024 A projekt \u00e1ltal az Inspir\u00e1l Cirkuszk\u00f6zpont \u00e9s a Magyar Zsongl\u0151r Egyes\u00fclet feln\u0151tt oktat\u00f3ink tov\u00e1bbk\u00e9pz\u00e9s\u00e9t biztos\u00edtjuk. A kiutaz\u00e1sok \u00e1ltal r\u00e9sztvev\u0151ink \u00e1tfog\u00f3an fejl\u0151dnek a cirkuszi oktat\u00e1sban: \u00faj \u00e9s innovat\u00edv pedag\u00f3gia m\u00f3dszereket tanulnak \u00e9s gyakorolj\u00e1k azok haszn\u00e1lat\u00e1t, ugyanakkor fejl\u0151dnek cirkuszi k\u00e9szs\u00e9gekben, tr\u00fckk\u00f6ket \u00e9s mozdulatokat saj\u00e1t\u00edtanak el. Emellett fejl\u0151dnek sz\u00e1mos szem\u00e9lyes-, nyelvi \u00e9s szoci\u00e1lis k\u00e9szs\u00e9gben, amit [&hellip;]<\/p>\n","protected":false},"author":1,"featured_media":0,"parent":0,"menu_order":0,"comment_status":"closed","ping_status":"closed","template":"","meta":{"footnotes":""},"class_list":["post-1373","page","type-page","status-publish","hentry"],"_links":{"self":[{"href":"https:\/\/mokus.zsonglor.hu\/index.php\/wp-json\/wp\/v2\/pages\/1373","targetHints":{"allow":["GET"]}}],"collection":[{"href":"https:\/\/mokus.zsonglor.hu\/index.php\/wp-json\/wp\/v2\/pages"}],"about":[{"href":"https:\/\/mokus.zsonglor.hu\/index.php\/wp-json\/wp\/v2\/types\/page"}],"author":[{"embeddable":true,"href":"https:\/\/mokus.zsonglor.hu\/index.php\/wp-json\/wp\/v2\/users\/1"}],"replies":[{"embeddable":true,"href":"https:\/\/mokus.zsonglor.hu\/index.php\/wp-json\/wp\/v2\/comments?post=1373"}],"version-history":[{"count":0,"href":"https:\/\/mokus.zsonglor.hu\/index.php\/wp-json\/wp\/v2\/pages\/1373\/revisions"}],"wp:attachment":[{"href":"https:\/\/mokus.zsonglor.hu\/index.php\/wp-json\/wp\/v2\/media?parent=1373"}],"curies":[{"name":"wp","href":"https:\/\/api.w.org\/{rel}","templated":true}]}}